+ t = 5*b, 5*n - 391 = -2*b - 0*n. Suppose 4*x = -a + 53, -3*x + b = -4*a + 457. List the prime factors of a.
5, 13
Let o = 30 + -43. Let k be -1*5/(5/3). List the prime factors of (o/4)/(k/12).
13
Suppose -25327 - 61933 = -20*c. List the prime factors of c.
4363
Let v(h) be the second derivative of h**4/12 + h**3/3 + 16*h**2 - 5*h. List the prime factors of v(0).
2
Let d = 51 + 494. List the prime factors of d.
5, 109
Suppose -y + 10 = 5*x + 3*y, 3*x = -5*y + 6. Suppose -4*k = -3*v - 194, 4*v = -2*k + x*v + 90. List the prime factors of k.
47
Let a = 13 + -2. Let l be (1 + -2 - -2)/((-12)/(-48)). Suppose -2*n + n + 3 = 0, l*s + n = a. List the prime factors of s.
2
Suppose 0 = -5*m - 2 - 3, -s - 5*m = 1. Suppose 489 = -z + s*z. What are the prime factors of z?
163
Let s be 282 + -6 + (-3 - -1). Suppose -5*i + 16 = -9. Suppose s - 34 = i*v. List the prime factors of v.
2, 3
Let x be 30/8 + 2/8. Suppose -4*f + 8 = -2*z, -4*f + 9*f + x*z = 23. What are the prime factors of f?
3
Let d = 598 + 319. What are the prime factors of d?
7, 131
Let t be (0/6 - 1)*365. Let w = 554 + t. List the prime factors of w.
3, 7
Let b = -8 - -6. Let c be (52/(-8) - b)*-34. Suppose 4*t = w - 12, -8*t = 4*w - 3*t - c. List the prime factors of w.
2
Let o(z) = -132*z + 9. What are the prime factors of o(-8)?
3, 5, 71
Let r(x) = 55*x + 72. List the prime factors of r(4).
2, 73
Let z(d) = -45*d - 2. Let n be z(-2). Suppose 0 = -2*u - 3*p + 291, -5*u + 5*p + 346 + 419 = 0. Let l = u - n. What are the prime factors of l?
2, 31
Let o(l) = -2*l**2 + 14*l + 8. Let p be o(7). Suppose 3*j + 65 = p*j. Suppose x - j = 5. What are the prime factors of x?
2, 3
Let d(t) = t**3 - 43*t**2 + 84*t + 125. List the prime factors of d(41).
3, 23
Let m(x) = x + 24. Let y be m(-21). Suppose 104 = z - 2*b, -y*z - 4*b + 240 = -z. List the prime factors of z.
2, 7
Let q be (6/8)/(3/8). Suppose -q = -u - 1. Let z(g) = 23*g**2 - g + 1. List the prime factors of z(u).
23
Let n = -20 + 11. Let o(k) = -22*k**3 + k**2. Let p be o(-1). Let f = p - n. List the prime factors of f.
2
Suppose 3*f = 2*r + 7, -1 + 4 = -4*r - 5*f. Let v = 5 - r. What are the prime factors of 7/(v/68) - -3?
71
Suppose -3 = 5*d + 17. List the prime factors of 16/(-12)*(2 + 458/d).
2, 3, 5
Suppose 65*t = 66*t - 956. List the prime factors of t.
2, 239
Suppose -4*o = -9*o + 75. What are the prime factors of ((-18)/o)/((-14)/1505)?
3, 43
Let o(d) = -d - 1. Let v = -11 - -5. Let n be o(v). Suppose 3 = -u + 1, -2*h = n*u. List the prime factors of h.
5
Suppose -9 + 13 = -b. List the prime factors of (-1 + b - -2) + 85.
2, 41
Suppose 50 = 2*g - 132. Suppose -7*f + g = -63. List the prime factors of f.
2, 11
Suppose -n + 3*d = -1939, 5*n - 8278 = 3*d + 1477. What are the prime factors of n?
2, 977
Let b(o) = 26*o**2 + 6*o + 3. Let v(m) = 17*m**2 + 4*m + 2. Let c(z) = -5*b(z) + 8*v(z). List the prime factors of c(4).
3, 5, 7
Let a be (9 - 0)/(-3) - -12. Suppose 2*y - 13 = a. List the prime factors of y.
11
Suppose -5*j - 132 - 563 = 0. List the prime factors of j*4/(32/4)*-2.
139
Let a = 58 - 53. Suppose -b = -6*b - 10, -a*w + 5*b + 1455 = 0. What are the prime factors of w?
17
Let n(v) = 4*v**3 - v**2 + v - 1. Let r be n(1). Suppose 0 = 4*t + r*t - 931. List the prime factors of t.
7, 19
Suppose -2*q + 6 = -12. Let v be ((-201)/q - 0)*-3. Let g = -43 + v. List the prime factors of g.
2, 3
Suppose 4*f = -6*f + 30. Suppose s - 215 = 5*i, 4*s - f*i - 885 = -8*i. List the prime factors of s.
2, 5, 11
Let c(n) = -n**2 + 6*n - 1. Let g be c(3). Let m(i) = -i + 4. Let l be m(g). List the prime factors of 24 + 1/(-4)*l.
5
Suppose 5*v = 13 - 3. Let w(j) = 63 + 4*j + j**2 - j**3 - v*j + 2*j - 2*j. What are the prime factors of w(0)?
3, 7
Let n(y) = -y**3 + 12*y**2 - 4*y + 4. Let c be n(5). Suppose 0 = -2*d + 4*d + 2*s - 66, -5*d = -s - c. Let k = d - 22. What are the prime factors of k?
2, 5
Let c = -1040 + 1524. What are the prime factors of c?
2, 11
Let j = -52 - -2649. List the prime factors of j.
7, 53
Suppose 0 = -22*b + 17*b - 2*l + 13971, 5584 = 2*b + 3*l. What are the prime factors of b?
5, 13, 43
Suppose 0*g - 4*g + 15 = 3*z, 5*g = 4*z + 11. Let d(r) = -r + 3*r**3 + 2*r + 6*r**2 - 7 - 2*r**g - 4*r. What are the prime factors of d(-6)?
11
Suppose o = -2*g + 14, g - 21 = -2*g + 2*o. List the prime factors of g.
7
Let x(a) be the third derivative of a**8/2880 + a**6/720 - a**5/12 - a**2. Let l(j) be the third derivative of x(j). List the prime factors of l(-1).
2
Let d = 6973 - 3376. What are the prime factors of d/44 + (-1)/(-4)?
2, 41
Let b be (-154)/(-4) + (-1)/2. Let u = -33 + b. Suppose 0 = 2*w - 4*a - 78, -u*w - 4*a + 3*a = -140. What are the prime factors of w?
29
What are the prime factors of (2 - 5580/(-16)) + 2/8?
3, 13
Let x(z) = z**3 - 2*z**2 - z + 2. Let i be x(2). Let y(a) = -a + 5. Let v be y(-5). Suppose i = s - 5 - v. List the prime factors of s.
3, 5
Let b be -12 + 14 - (-6)/2. Suppose x - 71 = -5*n, 5*n + 0*x - 95 = b*x. Suppose -2*f = -n - 83. What are the prime factors of f?
7
Let t(l) = 14*l**3 - 5*l**2 + l + 12. What are the prime factors of t(4)?
2, 13
Let b(r) = 13*r + 2*r**2 - 5 - 17*r + 15*r**2 - 7 + r**3. What are the prime factors of b(-17)?
2, 7
What are the prime factors of 150 + -22 + 6 + -1 + 0?
7, 19
Suppose -4*j = 3*c - 340, -22*c - j + 337 = -19*c. What are the prime factors of c?
2, 7
Suppose 2*r - 4*j - 1186 = 0, 1771 = 3*r + 11*j - 15*j. List the prime factors of r.
3, 5, 13
Suppose 7*t - 3*t - 300 = -2*p, -3*t = -5*p - 225. Suppose 15 = -4*c + t. What are the prime factors of c?
3, 5
Suppose -3*s + 8853 = -4*h, 0 = -3*s + 5*h + 3436 + 5417. List the prime factors of s.
13, 227
Suppose -w + 7*w - 378 = 0. Suppose -w = 7*y - 8*y. Suppose 2*f - y - 47 = 0. List the prime factors of f.
5, 11
Let k(o) = -o - 9. Let d(i) be the first derivative of -2*i**3/3 - 3*i**2/2 - 4*i + 5. Let g be d(-3). What are the prime factors of k(g)?
2
Let w = -531 + 1314. What are the prime factors of w?
3, 29
Suppose -3*v + 4*b + 1703 = 0, -3*v - 5*b = -0*v - 1658. List the prime factors of v.
3, 11, 17
Let w be 0 + (-200)/(-4 + 2). Suppose -o = o - w. What are the prime factors of o?
2, 5
Let j(g) = 8*g**2 + 41*g - 23. List the prime factors of j(-11).
2, 13, 19
Suppose -484 = -5*t - 64. List the prime factors of t.
2, 3, 7
Let g(x) be the second derivative of x**5/20 - 3*x**4/4 - x**3/6 + 9*x**2/2 + 3*x. Let o be g(9). Suppose o = 3*j - 34 - 44. List the prime factors of j.
2, 13
Suppose -2*f + 73 = x, -3*f + 15 = 6. Let v = x - 23. List the prime factors of v.
2, 11
Let v = 29 + -6. Let o = -7 + v. Suppose -4*a + 2*a = -5*y + 13, 0 = 5*y + a - o. List the prime factors of y.
3
Suppose 57292 + 32948 = 20*r. What are the prime factors of r?
2, 3, 47
Let c be (5 - -5)*-1*2/(-4). Suppose c*b - 297 = -4*x, 0 = -b - 0*x + 4*x + 45. List the prime factors of b.
3, 19
Suppose -6*t + 0*t = -54. Let m(v) be the first derivative of -v**2/2 + 29*v - 6. What are the prime factors of m(t)?
2, 5
Let i be (-1)/(2/108) - 0. Suppose 0 = 5*g + 48 + 92. Let n = g - i. List the prime factors of n.
2, 13
Suppose -4*t - 5*x - 37 = 0, -7*t + 2*t - x - 20 = 0. Let u be ((-1)/t)/((-9)/(-27)). Suppose -a + 3 + u = 0. What are the prime factors of a?
2
Suppose d + 11745 = 5*r, -4698 = -2*r - 0*d - 4*d. What are the prime factors of r?
3, 29
Suppose d = -f + 455, 5*f - 2305 = -2*d + 3*d. What are the prime factors of f?
2, 5, 23
Let l be 1/((14/16)/(-7)). Let j(g) = -3*g - 1. Let w be j(l). List the prime factors of 2/2 + w + -4.
2, 5
Suppose 5*b + 4*d - 414 = 0, 5*b - 3*b - 176 = d. Suppose -158 = -3*h - 11. Suppose 5*g - b = h. List the prime factors of g.
3
Suppose u = -4*u + 15. Let j(r) = 3*r**3 - 4*r**2 - r - 2. List the prime factors of j(u).
2, 5
Let x(j) = -2*j + 11. Let n be x(5). What are the prime factors of 84/(-18)*(-2 - n)?
2, 7
Let a = 12 - 7. Let j be (-1)/5 + (-219)/a. Let x = 76 + j. What are the prime factors of x?
2
Let l(j) = -j**3 + 6*j**2 - 3*j + 2. Let y be l(5). Suppose -5*s = -b - 101, s + 2*b - y = 6. What are the prime factors of s?
2, 5
Suppose -5*g = 1608 + 267. Let o = -172 - g. List the prime factors of o.
7, 29
Let p = -76 - 51. Let y be 12/(-72) + p/(-6). Let r = y + 9. List the prime factors of r.
2, 3, 5
S